{"id":145,"date":"2019-06-18T11:56:02","date_gmt":"2019-06-18T09:56:02","guid":{"rendered":"http:\/\/cirkeldans.se\/?page_id=145"},"modified":"2024-11-02T10:21:29","modified_gmt":"2024-11-02T08:21:29","slug":"lankar","status":"publish","type":"page","link":"https:\/\/cirkeldans.se\/index.php\/lankar\/","title":{"rendered":"L\u00e4nkar"},"content":{"rendered":"\n<p>H\u00e4r finner du l\u00e4nkar till lokala dansledare runt om i Sverige och till andra sidor som kan vara av intresse n\u00e4r det g\u00e4ller dans. <\/p>\n\n\n\n<p class=\"has-background\" style=\"background-color:#d6c7fd\"><strong>Finland<\/strong>: H\u00e4r kommer l\u00e4nk till en finsk danswebbsida med aktuella dansh\u00e4ndelser inom omr\u00e5det \u201dheliga danser\u201d, p\u00e5 finska f\u00f6rst\u00e5s. <a rel=\"noreferrer noopener\" href=\"https:\/\/www.google.fi\/url?sa=t&amp;rct=j&amp;q=&amp;esrc=s&amp;source=web&amp;cd=4&amp;ved=2ahUKEwi_lKu34vngAhXnoosKHaboA9oQFjADegQIAxAB&amp;url=https%3A%2F%2Fwww.meditatiivinenpyhatanssi.com%2Ftietoa-meista%2F&amp;usg=AOvVaw0htUSgm-YuIeRfYEDhNn6s\" target=\"_blank\">https:\/\/www.meditatiivinenpyhatanssi.com<\/a> <\/p>\n\n\n\n<p class=\"has-pale-pink-background-color has-background\"><strong>Laura Hellsten<\/strong> har doktorerat med avhandlingen \u201dThrough the Bone and Marrow\u201d. Genom att belysa dansens plats i kyrkan under historiens lopp hoppas hon bidra till en ny relation till bland annat kroppslighet och l\u00e4ngtans och gl\u00e4djens plats i v\u00e5ra kyrkliga gemenskaper. Bes\u00f6k Lauras hemsida;  <a href=\"https:\/\/app2.editnews.com\/pub\/link.ashx?issueid=523034&amp;userid=93541744&amp;linkid=42218888&amp;readid=C048E1001DC2&amp;test=&amp;umailid=2210205770\">https:\/\/www.kolminaisuus.fi\/dans-teologi<\/a><\/p>\n\n\n\n<p class=\"has-pale-pink-background-color has-background\">Lyssna\u00a0till ett samtal mellan dansforskare Laura Hellsten, biskop Mikael Mogren och teolog Jesper Svartvik<br><a href=\"https:\/\/www.youtube.com\/watch?time_continue=5&amp;v=oNf9HrxgXR0&amp;embeds_referring_euri=https%3A%2F%2Fwww.svenskakyrkan.se%2F&amp;embeds_referring_origin=https%3A%2F%2Fwww.svenskakyrkan.se&amp;source_ve_path=Mjg2NjY\">https:\/\/www.youtube.com\/watch?time_continue=5&amp;v=oNf9HrxgXR0&amp;embeds_referring_euri=https%3A%2F%2Fwww.svenskakyrkan.se%2F&amp;embeds_referring_origin=https%3A%2F%2Fwww.svenskakyrkan.se&amp;source_ve_path=Mjg2NjY<\/a><\/p>\n\n\n\n<hr class=\"wp-block-separator has-css-opacity is-style-wide\"\/>\n\n\n\n<p class=\"has-background\" style=\"background-color:#a3e9bb\"><strong>Elisabet Janson<\/strong> \u00e4r diplomerad dansledare i meditation i r\u00f6relse\/heliga danser, verksam sedan 1995, sedan 2005 i egen r\u00f6relse. Hon \u00e4r regelbundet anlitad kurs- och retreatledare p\u00e5 Refugiet i Sigtuna  samt kursledare inom olika studief\u00f6rbund. Bes\u00f6k <a rel=\"noreferrer noopener\" aria-label=\"Elisabets hemsida h\u00e4r (\u00f6ppnas i en ny flik)\" href=\"http:\/\/www.xn--vilairrelse-wfb.nu\/\" target=\"_blank\">Elisabets hemsida h\u00e4r<\/a>.<\/p>\n\n\n\n<hr class=\"wp-block-separator has-css-opacity is-style-wide\"\/>\n\n\n\n<p class=\"has-cyan-bluish-gray-background-color has-background\"><strong>&#8221;Inf\u00f6r Herren dansade jag och gladde mig&#8221;<\/strong>. Andrzej &amp; Lotta Klas\u00e9n leder cirkeldanser i J\u00f6nk\u00f6ping. F\u00f6r information om deras verksamhet se; <a href=\"http:\/\/bibeldans.se\" data-type=\"URL\" data-id=\"bibeldans.se\">bibeldans.se<\/a> eller <a href=\"http:\/\/cirkeldanser.se\" data-type=\"URL\" data-id=\"cirkeldanser.se\">cirkeldanser.se<\/a><\/p>\n\n\n\n<p class=\"has-background\" style=\"background-color:#dae492\"> <strong>Marie Louise von Malmborg<\/strong> \u00e4r diplomerad dansledare i Vadstena, och mer om hennes verksamhet hittar du p\u00e5 hennes hemsida: <a href=\"http:\/\/www.helanderorelse.se\"> www.helanderorelse.se<\/a>. <\/p>\n\n\n\n<p class=\"has-pale-cyan-blue-background-color has-background\"><strong>Pia Lamberth<\/strong> arbetar sedan 30 \u00e5r med danser fr\u00e5n m\u00e5nga tider och kulturer. Hon leder dansgrupper, utbildar dansledare och arbetar med dans p\u00e5 allehanda s\u00e4tt i seminarier och&nbsp; workshops. Hj\u00e4rtesaken \u00e4r det arv av m\u00f6nster och ber\u00e4ttelser som generationer av dansare burit till oss genom \u00e5rtusenden och som \u00e5terfinns \u00e4ven i moderna cirkeldans-koreografier. Pia arbetar ocks\u00e5 med egna koreografier och danssviter. Hennes dansarbete f\u00e5r klangbottnar av hennes olika tidigare liv som bland annat litteraturforskare, l\u00e4rare i analytisk psykologi, kyrkvaktm\u00e4stare och tr\u00e4dg\u00e5rdsarbetare:<a href=\"http:\/\/www.pialamberth.se\"> http:\/\/www.pialamberth.se<\/a><\/p>\n","protected":false},"excerpt":{"rendered":"<p>H\u00e4r finner du l\u00e4nkar till lokala dansledare runt om i Sverige och till andra sidor som kan vara av intresse n\u00e4r det g\u00e4ller dans. Finland: H\u00e4r kommer l\u00e4nk till en finsk danswebbsida med aktuella dansh\u00e4ndelser inom omr\u00e5det \u201dheliga danser\u201d, p\u00e5 finska f\u00f6rst\u00e5s. https:\/\/www.meditatiivinenpyhatanssi.com Laura Hellsten har doktorerat med avhandlingen \u201dThrough<span class=\"more-link\"><a href=\"https:\/\/cirkeldans.se\/index.php\/lankar\/\">Continue Reading<\/a><\/span><\/p>\n","protected":false},"author":1,"featured_media":0,"parent":0,"menu_order":0,"comment_status":"closed","ping_status":"closed","template":"","meta":{"footnotes":""},"class_list":["entry","author-xrf3wckot0","post-145","page","type-page","status-publish"],"_links":{"self":[{"href":"https:\/\/cirkeldans.se\/index.php\/wp-json\/wp\/v2\/pages\/145","targetHints":{"allow":["GET"]}}],"collection":[{"href":"https:\/\/cirkeldans.se\/index.php\/wp-json\/wp\/v2\/pages"}],"about":[{"href":"https:\/\/cirkeldans.se\/index.php\/wp-json\/wp\/v2\/types\/page"}],"author":[{"embeddable":true,"href":"https:\/\/cirkeldans.se\/index.php\/wp-json\/wp\/v2\/users\/1"}],"replies":[{"embeddable":true,"href":"https:\/\/cirkeldans.se\/index.php\/wp-json\/wp\/v2\/comments?post=145"}],"version-history":[{"count":14,"href":"https:\/\/cirkeldans.se\/index.php\/wp-json\/wp\/v2\/pages\/145\/revisions"}],"predecessor-version":[{"id":2055,"href":"https:\/\/cirkeldans.se\/index.php\/wp-json\/wp\/v2\/pages\/145\/revisions\/2055"}],"wp:attachment":[{"href":"https:\/\/cirkeldans.se\/index.php\/wp-json\/wp\/v2\/media?parent=145"}],"curies":[{"name":"wp","href":"https:\/\/api.w.org\/{rel}","templated":true}]}}

Länkar

<p>Här finner du länkar till lokala dansledare runt om i Sverige och till andra sidor som kan vara av intresse när det gäller dans. </p>



<p class="has-background" style="background-color:#d6c7fd"><strong>Finland</strong>: Här kommer länk till en finsk danswebbsida med aktuella danshändelser inom området ”heliga danser”, på finska förstås. <a rel="noreferrer noopener" href="https://www.google.fi/url?sa=t&amp;rct=j&amp;q=&amp;esrc=s&amp;source=web&amp;cd=4&amp;ved=2ahUKEwi_lKu34vngAhXnoosKHaboA9oQFjADegQIAxAB&amp;url=https%3A%2F%2Fwww.meditatiivinenpyhatanssi.com%2Ftietoa-meista%2F&amp;usg=AOvVaw0htUSgm-YuIeRfYEDhNn6s" target="_blank">https://www.meditatiivinenpyhatanssi.com</a> </p>



<p class="has-pale-pink-background-color has-background"><strong>Laura Hellsten</strong> har doktorerat med avhandlingen ”Through the Bone and Marrow”. Genom att belysa dansens plats i kyrkan under historiens lopp hoppas hon bidra till en ny relation till bland annat kroppslighet och längtans och glädjens plats i våra kyrkliga gemenskaper. Besök Lauras hemsida;  <a href="https://app2.editnews.com/pub/link.ashx?issueid=523034&amp;userid=93541744&amp;linkid=42218888&amp;readid=C048E1001DC2&amp;test=&amp;umailid=2210205770">https://www.kolminaisuus.fi/dans-teologi</a></p>



<p class="has-pale-pink-background-color has-background">Lyssna till ett samtal mellan dansforskare Laura Hellsten, biskop Mikael Mogren och teolog Jesper Svartvik<br><a href="https://www.youtube.com/watch?time_continue=5&amp;v=oNf9HrxgXR0&amp;embeds_referring_euri=https%3A%2F%2Fwww.svenskakyrkan.se%2F&amp;embeds_referring_origin=https%3A%2F%2Fwww.svenskakyrkan.se&amp;source_ve_path=Mjg2NjY">https://www.youtube.com/watch?time_continue=5&amp;v=oNf9HrxgXR0&amp;embeds_referring_euri=https%3A%2F%2Fwww.svenskakyrkan.se%2F&amp;embeds_referring_origin=https%3A%2F%2Fwww.svenskakyrkan.se&amp;source_ve_path=Mjg2NjY</a></p>



<hr class="wp-block-separator has-css-opacity is-style-wide"/>



<p class="has-background" style="background-color:#a3e9bb"><strong>Elisabet Janson</strong> är diplomerad dansledare i meditation i rörelse/heliga danser, verksam sedan 1995, sedan 2005 i egen rörelse. Hon är regelbundet anlitad kurs- och retreatledare på Refugiet i Sigtuna  samt kursledare inom olika studieförbund. Besök <a rel="noreferrer noopener" aria-label="Elisabets hemsida här (öppnas i en ny flik)" href="http://www.xn--vilairrelse-wfb.nu/" target="_blank">Elisabets hemsida här</a>.</p>



<hr class="wp-block-separator has-css-opacity is-style-wide"/>



<p class="has-cyan-bluish-gray-background-color has-background"><strong>&#8221;Inför Herren dansade jag och gladde mig&#8221;</strong>. Andrzej &amp; Lotta Klasén leder cirkeldanser i Jönköping. För information om deras verksamhet se; <a href="http://bibeldans.se" data-type="URL" data-id="bibeldans.se">bibeldans.se</a> eller <a href="http://cirkeldanser.se" data-type="URL" data-id="cirkeldanser.se">cirkeldanser.se</a></p>



<p class="has-background" style="background-color:#dae492"> <strong>Marie Louise von Malmborg</strong> är diplomerad dansledare i Vadstena, och mer om hennes verksamhet hittar du på hennes hemsida: <a href="http://www.helanderorelse.se"> www.helanderorelse.se</a>. </p>



<p class="has-pale-cyan-blue-background-color has-background"><strong>Pia Lamberth</strong> arbetar sedan 30 år med danser från många tider och kulturer. Hon leder dansgrupper, utbildar dansledare och arbetar med dans på allehanda sätt i seminarier och&nbsp; workshops. Hjärtesaken är det arv av mönster och berättelser som generationer av dansare burit till oss genom årtusenden och som återfinns även i moderna cirkeldans-koreografier. Pia arbetar också med egna koreografier och danssviter. Hennes dansarbete får klangbottnar av hennes olika tidigare liv som bland annat litteraturforskare, lärare i analytisk psykologi, kyrkvaktmästare och trädgårdsarbetare:<a href="http://www.pialamberth.se"> http://www.pialamberth.se</a></p>

<p>Här finner du länkar till lokala dansledare runt om i Sverige och till andra sidor som kan vara av intresse när det gäller dans. Finland: Här kommer länk till en finsk danswebbsida med aktuella danshändelser inom området ”heliga danser”, på finska förstås. https://www.meditatiivinenpyhatanssi.com Laura Hellsten har doktorerat med avhandlingen ”Through<span class="more-link"><a href="https://cirkeldans.se/index.php/lankar/">Continue Reading</a></span></p>
